{"id":3518,"date":"2024-12-22T11:18:09","date_gmt":"2024-12-22T10:18:09","guid":{"rendered":"https:\/\/bipib.be\/events\/promenade-einstein-a-de-haan-le-coq\/"},"modified":"2026-04-02T14:12:54","modified_gmt":"2026-04-02T12:12:54","slug":"promenade-einstein-a-de-haan-le-coq","status":"publish","type":"events","link":"https:\/\/bipib.be\/fr\/events\/promenade-einstein-a-de-haan-le-coq\/","title":{"rendered":"Promenade Einstein \u00e0 De Haan (le Coq)"},"content":{"rendered":"\t\t<div data-elementor-type=\"wp-post\" data-elementor-id=\"3518\" class=\"elementor elementor-3518 elementor-3487\" data-elementor-post-type=\"events\">\n\t\t\t\t<div class=\"elementor-element elementor-element-6fccbbd5 e-flex e-con-boxed e-con e-parent\" data-id=\"6fccbbd5\" data-element_type=\"container\" data-e-type=\"container\" data-settings=\"{&quot;jet_parallax_layout_list&quot;:[]}\">\n\t\t\t\t\t<div class=\"e-con-inner\">\n\t\t\t\t<div class=\"elementor-element elementor-element-16ac298f elementor-widget elementor-widget-text-editor\" data-id=\"16ac298f\" data-element_type=\"widget\" data-e-type=\"widget\" data-widget_type=\"text-editor.default\">\n\t\t\t\t<div class=\"elementor-widget-container\">\n\t\t\t\t\t\t\t\t\t<p style=\"font-weight: 400;\"><strong>Compte-rendu de la promenade Einstein.<\/strong><\/p><p> <\/p><p style=\"font-weight: 400;\">Le dimanche 9 f\u00e9vrier 2025, le BIPIB a organis\u00e9 une nouvelle activit\u00e9 pour ses membres. Cette fois-ci, nous nous sommes install\u00e9s en Flandre occidentale, plus pr\u00e9cis\u00e9ment \u00e0 De Haan aan Zee, o\u00f9 notre pr\u00e9sident Koen nous a propos\u00e9 une promenade autour d&rsquo;Albert Einstein et des origines de De Haan. <\/p><p> <\/p><p style=\"font-weight: 400;\">A 14h, les premiers participants sont arriv\u00e9s et le groupe s&rsquo;est progressivement agrandi de sorte que nous avons pu partir \u00e0 14h30 pour notre marche avec un beau nombre de membres et de sympathisants, ce que nous avons beaucoup appr\u00e9ci\u00e9 en tant que membres du conseil d&rsquo;administration ! De nombreuses discussions int\u00e9ressantes ont suivi sur la vie avec un DAI ou un pacemaker ainsi que sur les causes qui ont conduit \u00e0 l&rsquo;implantation. <\/p><p> <\/p><p style=\"font-weight: 400;\">A mi-parcours, nous avons fait une pause pour prendre une bonne tasse de caf\u00e9 chaud ou un verre de vin frais. Apr\u00e8s un certain temps, nous avons continu\u00e9 notre visite et nous sommes pass\u00e9s, par exemple, autour du parc Ponti\u00e9re et devant la maison o\u00f9 Albert Einstein a s\u00e9journ\u00e9 pendant 6 mois \u00e0 De Haan, avant de partir pour l&rsquo;Am\u00e9rique. <\/p><p> <\/p><p style=\"font-weight: 400;\">Vers 17 heures, nous sommes revenus au point de d\u00e9part de notre marche et nous nous sommes dit au revoir. Nous sommes tous rentr\u00e9s chez nous avec un sentiment agr\u00e9able de connexion entre des personnes qui ont v\u00e9cu et vivent des exp\u00e9riences m\u00e9dicales similaires. <\/p><p style=\"font-weight: 400;\">Cette journ\u00e9e a confirm\u00e9 une fois de plus que de tels contacts peuvent \u00eatre vraiment b\u00e9n\u00e9fiques ! Nous esp\u00e9rons donc que de plus en plus de membres trouveront le chemin de ces activit\u00e9s. <\/p>\t\t\t\t\t\t\t\t<\/div>\n\t\t\t\t<\/div>\n\t\t\t\t\t<\/div>\n\t\t\t\t<\/div>\n\t\t\t\t<\/div>\n\t\t","protected":false},"excerpt":{"rendered":"<p>lBIPIB a organis\u00e9 une nouvelle activit\u00e9 pour ses membres le dimanche 9 f\u00e9vrier 2025.<br \/>\nR\u00e9sum\u00e9 de Koen De Wilde et Joke Gysel.<\/p>\n","protected":false},"featured_media":3596,"template":"","categories-events":[45],"class_list":["post-3518","events","type-events","status-publish","has-post-thumbnail","hentry","categories-events-bipib-news"],"_links":{"self":[{"href":"https:\/\/bipib.be\/fr\/wp-json\/wp\/v2\/events\/3518","targetHints":{"allow":["GET"]}}],"collection":[{"href":"https:\/\/bipib.be\/fr\/wp-json\/wp\/v2\/events"}],"about":[{"href":"https:\/\/bipib.be\/fr\/wp-json\/wp\/v2\/types\/events"}],"version-history":[{"count":11,"href":"https:\/\/bipib.be\/fr\/wp-json\/wp\/v2\/events\/3518\/revisions"}],"predecessor-version":[{"id":3788,"href":"https:\/\/bipib.be\/fr\/wp-json\/wp\/v2\/events\/3518\/revisions\/3788"}],"wp:featuredmedia":[{"embeddable":true,"href":"https:\/\/bipib.be\/fr\/wp-json\/wp\/v2\/media\/3596"}],"wp:attachment":[{"href":"https:\/\/bipib.be\/fr\/wp-json\/wp\/v2\/media?parent=3518"}],"wp:term":[{"taxonomy":"categories-events","embeddable":true,"href":"https:\/\/bipib.be\/fr\/wp-json\/wp\/v2\/categories-events?post=3518"}],"curies":[{"name":"wp","href":"https:\/\/api.w.org\/{rel}","templated":true}]}}

Promenade Einstein à De Haan (le Coq)

<div data-elementor-type="wp-post" data-elementor-id="3518" class="elementor elementor-3518 elementor-3487" data-elementor-post-type="events">
				<div class="elementor-element elementor-element-6fccbbd5 e-flex e-con-boxed e-con e-parent" data-id="6fccbbd5" data-element_type="container" data-e-type="container" data-settings="{&quot;jet_parallax_layout_list&quot;:[]}">
					<div class="e-con-inner">
				<div class="elementor-element elementor-element-16ac298f elementor-widget elementor-widget-text-editor" data-id="16ac298f" data-element_type="widget" data-e-type="widget" data-widget_type="text-editor.default">
				<div class="elementor-widget-container">
									<p style="font-weight: 400;"><strong>Compte-rendu de la promenade Einstein.</strong></p><p> </p><p style="font-weight: 400;">Le dimanche 9 février 2025, le BIPIB a organisé une nouvelle activité pour ses membres. Cette fois-ci, nous nous sommes installés en Flandre occidentale, plus précisément à De Haan aan Zee, où notre président Koen nous a proposé une promenade autour d&rsquo;Albert Einstein et des origines de De Haan. </p><p> </p><p style="font-weight: 400;">A 14h, les premiers participants sont arrivés et le groupe s&rsquo;est progressivement agrandi de sorte que nous avons pu partir à 14h30 pour notre marche avec un beau nombre de membres et de sympathisants, ce que nous avons beaucoup apprécié en tant que membres du conseil d&rsquo;administration ! De nombreuses discussions intéressantes ont suivi sur la vie avec un DAI ou un pacemaker ainsi que sur les causes qui ont conduit à l&rsquo;implantation. </p><p> </p><p style="font-weight: 400;">A mi-parcours, nous avons fait une pause pour prendre une bonne tasse de café chaud ou un verre de vin frais. Après un certain temps, nous avons continué notre visite et nous sommes passés, par exemple, autour du parc Pontiére et devant la maison où Albert Einstein a séjourné pendant 6 mois à De Haan, avant de partir pour l&rsquo;Amérique. </p><p> </p><p style="font-weight: 400;">Vers 17 heures, nous sommes revenus au point de départ de notre marche et nous nous sommes dit au revoir. Nous sommes tous rentrés chez nous avec un sentiment agréable de connexion entre des personnes qui ont vécu et vivent des expériences médicales similaires. </p><p style="font-weight: 400;">Cette journée a confirmé une fois de plus que de tels contacts peuvent être vraiment bénéfiques ! Nous espérons donc que de plus en plus de membres trouveront le chemin de ces activités. </p>								</div>
				</div>
					</div>
				</div>
				</div>

<p>lBIPIB a organisé une nouvelle activité pour ses membres le dimanche 9 février 2025.<br />
Résumé de Koen De Wilde et Joke Gysel.</p>
